and a.
4
Let t = -16 - -29. Suppose 0 - 5 = 5*o. Let b be 2 + 0 + (o - -12). What is the greatest common divisor of b and t?
13
Let o(j) = j**3 + 6*j**2 + 6*j. Let m be o(-5). Let u = m + 7. Calculate the highest common factor of u and 8.
2
Let i be (-2)/4 + 65/(-10). Let n(t) = t**2 + 4*t - 6. Let k be n(i). What is the highest common divisor of 45 and k?
15
Let k(u) = -4*u - 4. Let y be k(-6). What is the highest common divisor of y and 5?
5
Let u = 69 + -47. Calculate the highest common factor of u and 242.
22
Let a be -4*(-1 + (-3)/(-6)). Suppose 2*p + 7*y - 4*y + a = 0, 14 = 2*p - 5*y. Let m be 81 - p/(4 - 2). Calculate the highest common divisor of m and 10.
10
Let b(d) = 2*d**2 + d. Let q be b(-3). Let r be (-4)/(-2)*q + -2. Calculate the greatest common divisor of r and 4.
4
Suppose -y - 4*y - 25 = 0, 4*h + 4*y + 20 = 0. Suppose -231 = -h*p - 3*p - 5*m, -4*m = 3*p - 228. What is the highest common divisor of 8 and p?
8
Suppose 2*h - 26 - 28 = 0. Suppose -4*q - 42 = 5*v + 34, 2*q = -5*v - 68. Let p be v/28 + 24/7. Calculate the highest common divisor of h and p.
3
Suppose 16*t - 12*t - 176 = 0. Let h(l) = -l**2 + 10*l - 2. Let q be h(4). Calculate the highest common factor of q and t.
22
Let x be (-2)/(-11) - 185/(-11). Let c be (143 - 2)*(-2)/3. Let y = -60 - c. What is the greatest common divisor of y and x?
17
Suppose 0 = -5*h + 2*y + 45, 2*h + 5*y - 36 = 11. Let g = 48 - 37. What is the greatest common divisor of g and h?
11
Suppose 14 = 3*k - k. Let r = 133 - k. Calculate the highest common divisor of 14 and r.
14
Let g(z) be the second derivative of z**4/3 - 5*z**3/6 + z. Let w be g(-4). Calculate the greatest common divisor of w and 12.
12
Let s = -4 - -5. Suppose t - s = 6. What is the highest common factor of 1 and t?
1
Suppose -2*p - p = -54. Suppose 2*y + 4*j = 44, -j = -4*y + j + 68. Calculate the greatest common factor of y and p.
18
Let y(k) = -k**3 - 18*k**2 + 20*k + 27. Let h be y(-19). Calculate the highest common divisor of 216 and h.
8
Let f(x) = -2*x - 9. Let j be f(-6). Suppose v = -3 + 24. What is the highest common factor of v and j?
3
Let i = -1 - -25. Calculate the highest common divisor of i and 18.
6
Let i(x) = 6*x. Let n(f) = 17*f + 1. Let l(j) = 7*i(j) - 2*n(j). Let m be l(4). Let q be m - 1 - (-2 + -1). What is the highest common divisor of 4 and q?
4
Let l(t) = t**2 - 8*t - 9. Let o be l(9). Suppose 14 = 2*j + 4*f, f = j - o*j - 19. What is the highest common divisor of j and 15?
15
Let h be (-22)/(((-9)/3)/(-3)). Let r be (-1148)/h - 6/33. Suppose -o + 4*o + w - r = 0, 0 = o - w - 20. Calculate the greatest common factor of 27 and o.
9
Let s = -1 + 33. Calculate the greatest common divisor of s and 80.
16
Let j = 32 + -24. Suppose -5*v + 0 = -5. What is the highest common factor of v and j?
1
Suppose 12 + 8 = 2*z. Let d be (6/9)/(1/75). Calculate the highest common factor of z and d.
10
Suppose -j + 231 = 2*j - 3*u, -4*u = 2*j - 154. Calculate the greatest common factor of j and 11.
11
Suppose 2 = -t - 8. Let h(k) = -k**2 - 10*k + 12. Let f be h(t). Calculate the greatest common divisor of 4 and f.
4
Suppose -h + 2*h - 57 = 0. What is the greatest common divisor of h and 19?
19
Let g be (-12)/(-20)*(0 - -5). Suppose -g*l = -5*m + 116, -m = -2*l - 23 + 4. Let t = 57 - m. Calculate the highest common divisor of t and 16.
16
Suppose 5*j - 49 = 251. Suppose 4*a = -a + j. Suppose -4*n = -8 - a. Calculate the greatest common factor of n and 55.
5
Let l(x) = -3*x - 5. Let i = 14 - 20. Let c be l(i). Suppose 3*h - 265 = -4*a, -h + 96 = -a + 3. What is the highest common divisor of c and h?
13
Suppose 2*r - 2 - 8 = 0. Let j = r + -3. Suppose 90 = -j*s + 7*s. Calculate the greatest common divisor of 126 and s.
18
Suppose -2*l - 5*d + 10 = 0, -d + 2*d = -4. Suppose 0*m - l = -5*m. Let z be (81 - (m - 3))*1. Calculate the highest common divisor of z and 9.
9
Let a be -12*(84/8)/(-3). Calculate the greatest common divisor of a and 105.
21
Let l = 88 + -78. What is the greatest common divisor of 35 and l?
5
Suppose 6*k - 2*k = 3*w + 40, 0 = 4*k + 2*w - 40. Calculate the greatest common factor of k and 4.
2
Let r = 1 + -1. Let v = -13 - -26. Suppose r*q + v = q. What is the highest common divisor of 13 and q?
13
Let j be (-2 - 0)/(8/(-68)). Let f = 196 - 111. What is the highest common divisor of f and j?
17
Suppose 2*o - 391 = -5*g, -170 + 1 = -2*g - 5*o. Suppose -k - 3*r = -14, r - 9 = -k + 3*r. What is the highest common factor of k and g?
11
Let l be (-7)/(-7)*(-110)/(-2). Let j = -4 + 8. Suppose 0 = -g - j*g + 110. Calculate the greatest common factor of g and l.
11
Let s(f) = f**2 - 2*f. Let o(t) = t + 1. Let q(n) = -4*o(n) - s(n). Let b be q(-8). Let k = b - -74. What is the greatest common factor of k and 242?
22
Suppose 6*s - 22 = 158. What is the highest common divisor of 270 and s?
30
Let l = 27 - 48. Let m be 54/7 - 6/l. Calculate the highest common divisor of 64 and m.
8
Let g(s) = -s**3 + s**2 + 2*s + 2. Let h(o) = -2*o + 6. Let d be h(4). Let r be g(d). Calculate the greatest common divisor of r and 2.
2
Suppose -x - x = -j - 73, -2*x + 77 = -5*j. Calculate the highest common divisor of x and 108.
36
Let q = 1054 + -3926. Let p = -4184 - q. Let t be (-2)/(-11) - p/44. What is the greatest common factor of t and 45?
15
Suppose -2*y + 23 = -7. Calculate the highest common factor of y and 60.
15
Let d be 4/(-3 - 7/(-2)). What is the greatest common factor of d and 4?
4
Let g = -10 + 15. Suppose -2*l = -5*l + 6. What is the highest common factor of l and g?
1
Suppose -116 = -2*s + 10. What is the greatest common factor of s and 42?
21
Let g = 8 - 2. Let v = -48 + 96. Calculate the greatest common factor of v and g.
6
Suppose 0 = k + k + 4. Let z(d) = -d + 1. Let w be z(k). Calculate the highest common factor of w and 21.
3
Suppose 0 = x + 4*x + 2*l - 89, -x + 34 = -5*l. Let c = x - -62. Calculate the highest common factor of 9 and c.
9
Suppose -2*t - 2*t + 592 = 0. Suppose -3*n + t = 28. Calculate the greatest common factor of n and 8.
8
Let f(v) = 2*v**3 - 4*v**2 - 3*v - 2. Let b be f(4). Let w be (-2 - 0)/((-1)/10). What is the highest common divisor of b and w?
10
Let p = 2 - -4. What is the greatest common divisor of 3 and p?
3
Suppose -3*z + 7 = -4*j + 36, -j + 3*z + 5 = 0. What is the greatest common factor of j and 1?
1
Let a = -20 + 41. What is the highest common factor of 21 and a?
21
Let o(a) = a**2 - 3*a. Let u be o(5). What is the highest common divisor of u and 80?
10
Let n(f) = -f**3 - 11*f**2 + 14*f + 18. Let b be n(-12). Let i be b*1/(9/(-30)). Calculate the greatest common factor of 50 and i.
10
Suppose 0*p - 7 = 5*p - 4*y, 2*p + 4 = 2*y. Suppose -5*q + 19 + 1 = 0. Let i be q/8 + (-13)/(-2). What is the highest common factor of p and i?
1
Let a be (10/(-4) + 2)*2. Let y be 1 + 86 - 1/a. Calculate the greatest common divisor of y and 11.
11
Let b be (-4)/(-20) + (-897)/(-15). Calculate the greatest common factor of b and 150.
30
Let f(a) = a**2 - a + 32. Let x be f(0). Let m(n) = n - 2. Let b be m(6). What is the greatest common factor of b and x?
4
Let q = 67 - 47. What is the greatest common factor of q and 5?
5
Let f = 8 + -1. Suppose f*b - 15 = 4*b, -3*i + b + 13 = 0. Suppose 2*x + 4 = 3*x. What is the greatest common divisor of i and x?
2
Let z be (-2030)/(-42) + (-2)/6. Calculate the greatest common factor of z and 6.
6
Let c(t) = -t**3 - 5*t**2 - 4*t + 7. Let k be c(-4). What is the highest common factor of k and 49?
7
Let i = 31 + 25. What is the highest common factor of 14 and i?
14
Let j be (-60)/50*(1 - 31)/2. Calculate the highest common divisor of j and 12.
6
Let q be 3/3*3 + 2/(-1). Calculate the highest common divisor of q and 4.
1
Suppose -x - 5 - 11 = 0. Let u be 4/(-12) - x/3. Calculate the greatest common factor of u and 55.
5
Let c(g) = -g**3 + 10*g**2 - 10*g + 19. Let h be c(9). Calculate the highest common factor of 80 and h.
10
Suppose 0 = -3*s + 41 - 14. Suppose 0 = -0*n + 2*n - 296. Let r = n - 85. Calculate the greatest common divisor of s and r.
9
Let p(n) = n**2 - 7*n - 8. Let o be p(9). Let i be 94/(-8) - (-2)/(-8). Let t = o - i. Calculate the highest common divisor of 55 and t.
11
Let m be 25 - (0 - -6 - 4). What is the greatest common divisor of m and 92?
2